e
Suppose -c = -3*h + 3*c - 21, h = 2*c - 9. Let u(w) = w**3 + 3*w**2 - 3*w - 5. Let x be u(h). Suppose -x*o + 462 = -1190. Is o composite?
True
Suppose 168552 = 3*c - 2*l - 24757, 0 = 4*c + 4*l - 257712. Is c a composite number?
False
Let f = 22813 + -10282. Is f composite?
True
Let h be (1 + -2 + 0)/((-40)/200). Suppose -2*b = -h - 1, 4*o + b = 27. Suppose 2255 = o*t - 1555. Is t a prime number?
False
Suppose 6*n + 5524 = 10*n. Suppose 2*i = 5279 - n. Is i a composite number?
False
Let s be ((-3)/(-2))/(129/(-42) + 3). Let w = -18 - s. Suppose -3596 = -5*d - w*b, 1037 + 1856 = 4*d - 3*b. Is d a prime number?
False
Let n(v) = -5640*v**3 + 9*v**2 + 2*v. Is n(-1) composite?
False
Suppose -5*m - p = -309000, -2188 + 2163 = 5*p. Is m a prime number?
False
Let v be 1/(7812081/1302012 + -6). Is 4 + 48/(-216) + v/9 a prime number?
False
Let t(w) = 2334*w**2 - 416*w - 9. Is t(4) composite?
False
Let d(z) = -10*z**3 + z. Let l be d(1). Let t be ((-1)/(-2))/(l/(-8658)). Suppose -4*y + 1435 = -t. Is y a composite number?
False
Suppose 0 = -6*d + 264175 - 57391. Let v = d + -18310. Suppose 0 = 9*n - v - 6625. Is n a prime number?
True
Let v(a) = 34*a**2 + 32*a - 97. Is v(6) composite?
False
Let o = 34 - 30. Suppose -2*u + 20 = 4*n, 0 = 3*n + o*u - 10 - 10. Suppose -n*t + t + 2001 = 0. Is t a composite number?
True
Let x = 2597 + 8502. Is x a composite number?
True
Let b = 261096 + -41803. Is b prime?
True
Suppose -7*o = 53202 + 35922. Let t = 22213 + o. Is t a prime number?
False
Let u be 4/1 - 4 - 1050*1. Let g = u - -519. Is (((-2)/3)/(-1))/((-3)/g) a composite number?
True
Suppose 30*z - 10 = 32*z. Is (-20781)/(-45)*z/(-1) prime?
True
Let v be ((-56)/(-12))/((-51)/45 - -1). Is ((6978/(-10))/(-3))/((-7)/v) composite?
False
Suppose -6*g - 41020 = -4*y - g, -g + 20496 = 2*y. Suppose 0 = 2*o - 4*b - y, 8312 - 23696 = -3*o + 3*b. Is o prime?
False
Let s(b) = -16*b**3 - b**2 - b + 1. Let f be s(1). Let q be (-2)/f + 22232/34. Suppose 0 = -u - 3*u - 16, 2*a + 4*u = q. Is a prime?
False
Let z = -177874 - -274391. Is z a composite number?
False
Is 6734/(-148)*(-711910)/35 composite?
True
Let j be (-4)/4 - (-36)/4. Suppose -j - 1 = -3*f. Suppose -t - 386 = -2*o + 369, 4*t = -f*o + 1127. Is o prime?
False
Let q(n) = 318*n + 322. Let d be q(14). Suppose 13*k - d = 5457. Is k composite?
False
Let z(h) = 2*h**2 - 14*h + 11. Let u be z(6). Let o(n) = -9*n - 5. Let d be o(u). Suppose 0*m - d*w = m - 683, -w + 4 = 0. Is m prime?
False
Is 148057/(-26)*-5*(-6)/(-15) composite?
True
Let y = 740820 - 454531. Is y a prime number?
True
Suppose -1991028 + 9184984 = 44*r. Is r composite?
True
Suppose 0 = j - 3*c + 721, 2175 = -0*j - 3*j + 5*c. Let k = j + 1387. Suppose -k = -2*d + 701. Is d a prime number?
False
Suppose 3*j - 5*b + 22 = 0, 5*b + 31 - 11 = 0. Let c be 1412/(-1) - (j + 16). Let x = c + 4347. Is x prime?
False
Suppose -20*b + 429892 + 2638885 + 1827883 = 0. Is b a prime number?
False
Let p(t) be the second derivative of 0 + 26/3*t**3 - 23*t - 31/2*t**2. Is p(18) composite?
True
Is 134978 - (0 + (-13 - -2)) composite?
False
Suppose 3*u + 30255 = -2*u. Let w = -4288 - u. Is w a composite number?
True
Suppose -22 = 3*b - 14*b. Suppose 0 = -4*z + 17*c - 12*c + 139660, -b*z = 3*c - 69830. Is z a prime number?
False
Let c = -8 - -138. Let z = 144 - c. Suppose 25151 = z*r - 7*r. Is r composite?
False
Suppose 6*c - c - 20 = u, 0 = 5*u. Suppose -8 - c = -3*v. Suppose -4*b + 119 = v*r - 293, b + 321 = 3*r. Is r a prime number?
False
Let d(k) = -259*k - 4. Let b be d(-1). Let c be (b/(-68))/(3/(-4)). Suppose -c*q + q + 1916 = 0. Is q prime?
True
Suppose -3*c + 5*d = -0*c + 774, -1280 = 5*c - 5*d. Is (-710631)/c - (-2)/11 a prime number?
False
Let a be (-1 - 6599)*(-1260)/240. Suppose -2*n + a = 4*v, 8*n - 6*n = 4*v + 34634. Is n a composite number?
False
Let m(s) = 9110*s**2 - 22*s + 317. Is m(-15) composite?
False
Suppose -5*h - 7 = -5*s + 13, 0 = 3*h - 3. Suppose -s*y - 1271 = -6*y. Suppose 2*x - 3*x = -y. Is x prime?
False
Suppose -193 = -2*g + 3*m, -3*g - 2*g + 454 = 2*m. Is g/6*(-345)/(-46) prime?
False
Let o be (0 + (-2)/3)*(-657)/(-146). Is 8/6 - 2387/o prime?
True
Let p = 63 + -35. Let u = p + -15. Is 1540 - (-39)/u*(-1)/(-3) a composite number?
True
Let c(q) = 12*q**2 - 13*q - 24. Suppose -19*g + 20*g - 9 = 0. Is c(g) a prime number?
False
Suppose -565*j + 143*j = -755019288 + 121823902. Is j a composite number?
False
Suppose -20*s = -17*s - 6687. Let h = -100 + s. Is h a prime number?
True
Is 7/5 + -1 + (3801504/(-10))/(-14) a prime number?
False
Let r(x) = -2642*x**3 - x**2 - 8*x - 47. Is r(-4) prime?
False
Let v be (3 + -7604)/(3/(-9)). Suppose -27*z + 24*z = -v. Is z a composite number?
True
Let l(n) = n - 2. Let r be l(4). Suppose -i + 5*o = -23, o - 7 = -i + 2*o. Suppose p = 2*f + 375, i*p = -2*p + r*f + 1891. Is p a prime number?
True
Let s(d) = 6*d + 28*d + 11*d + 93*d - 4*d - 2. Is s(6) a prime number?
False
Suppose -2*a - 18 = -w + 2*a, -3*w + 5*a + 26 = 0. Suppose 5*q = -3*x + 211, 3*x = -0*q - w*q + 205. Suppose -x*t + 68*t = 6085. Is t a composite number?
True
Let s = -35 + 37. Suppose 39484 = 2*x + s*x. Is x a prime number?
True
Suppose -2*s - 4 = -28. Let i(x) = -305*x**2 - s*x - 4*x + 306*x**2. Is i(-13) prime?
False
Let r(o) = o**3 + 8*o**2 + 5*o - 7. Let q be r(-6). Suppose q*v = 34*v - 51495. Is 6/(-21) - v/35 composite?
False
Let c(s) = -2047*s - 17. Suppose a = -4*w + 3*w, w = -4*a - 12. Is c(a) prime?
True
Let j = -121 + 155. Let l(b) = b**2 + 6*b**3 + 13*b**2 - 5*b**3 - 16*b - j. Is l(-11) a composite number?
True
Suppose -l + 45 = 3*r, r = -2*l - 0*r + 65. Let m = l + -25. Suppose 2*k - 30289 = -m*k. Is k composite?
False
Suppose -6*o - 301 - 8303 = 0. Let d = 325 - o. Is d a composite number?
False
Let k(a) = -a**3 + 14*a**2 + 14*a + 16. Let y be k(15). Let w(u) = u. Let i(z) = -11*z - 21. Let f(q) = y*i(q) + 3*w(q). Is f(-14) composite?
True
Suppose 7*v - 19277 = 61069. Suppose -10*a + v = -4*a. Is a composite?
False
Suppose 5*f + 6*u = 9*u + 4722102, 4*f = -2*u + 3777686. Is f composite?
True
Let y = -55 - -59. Suppose -2*q = g - 16 + 5, 3*g - 27 = -y*q. Suppose 154 = 2*b + 4*r, 5*b - 90 = g*r + 220. Is b composite?
False
Let k(v) be the third derivative of 47*v**7/360 - v**6/240 - v**5/40 - 5*v**4/6 + 17*v**2. Let s(o) be the second derivative of k(o). Is s(-1) prime?
False
Suppose -22*u + 17*u - 5 = 0, -4*u + 1607 = 3*f. Is f a composite number?
True
Let t = 39 + -47. Let c be -613*4/t*-2*1. Is (-13)/(-13)*c/(-1 + 0) prime?
True
Suppose 0 = -5*b + 55 - 30. Suppose 57 = i + 5*u - 341, -1890 = -5*i - b*u. Let q = i - 32. Is q prime?
False
Suppose 5825 + 4588 = -13*c. Suppose -3*w = -3*n - 2*n - 4174, -4*n = -2*w + 2784. Let s = w + c. Is s composite?
False
Suppose -13*b + 112 = b. Suppose 0 = d - 4*y - 2729, -2*d - 10*y + 5458 = -b*y. Is d a prime number?
True
Suppose h + 30479 = -2*y + 109708, -5*y + 198072 = 3*h. Let u = y - 27958. Is u composite?
False
Let u(i) = -i**3 + 6*i**2 + 10*i - 14. Let j be u(7). Suppose 0 = 2*m + 2*r - 670, -j*m + 667 = -5*m - r. Is m a composite number?
True
Let l be ((-100)/70)/((-2)/14). Is 13920/(l + -4) + 1 a prime number?
False
Let z = -30 + 32. Suppose -i + 128 = z*v - 527, -5*v - 3*i + 1635 = 0. Let n = v + 173. Is n a composite number?
False
Let q = 17 + 49. Suppose q*v + 18610 = 68*v. Is v composite?
True
Let n = -25584 - -174853. Is n a composite number?
False
Let l(a) be the third derivative of a**5/20 + a**4/12 - a**3/6 + 11*a**2. Let p be l(1). Suppose -3*n - 2*n = p*c - 193, 5*c + n - 236 = 0. Is c a prime number?
True
Let g(c) = 49*c**2 + 520*c + 191. Is g(50) composite?
False
Let p(l) = -l**2 + 4*l + 23. Let d be p(5). Suppose d*t - 300360 = -6*t. Is t prime?
False
Let s = 34862 + -5781. Is s a prime number?
False
Let z = -4896 - -11490. Let w = z + -241. Is w a composite number?
False
Suppose -3736*x + 853538 = -3722*x. Is x a composite number?
True
Suppose -3*o + 11 = 143. Let u(l) = -163*l - 103. Is u(o) a composite number?
False
Let v be (-7)/((-98)/(-231))*8/(-3). Is 1819/2 - (-66)/v a prime number?
True
Let u = -216262 + 400593. Suppose y - 230244 = -5*w, 3*y + u - 46181 = 3*w. Is w a prime number?
True
Suppose -5*j + 42 = -6*j. Let x = j + 42. Suppose 4*v - 5*h = 1604, v - 401 = 